 and 2?
2
Let o be 2 + 3/(3/1). Suppose 11 = -o*u + l + 131, -5*l = -u + 40. What is the highest common divisor of 8 and u?
8
Let n = 2 - 0. Suppose -n*c = 2*c. Suppose c = -t + 74 + 26. Calculate the greatest common factor of 20 and t.
20
Let c(h) = -h**3 + 6*h**2 - 3*h - 1. Let u be c(3). Let q be (-2)/(-5) - (-44)/(-40)*-46. What is the greatest common factor of u and q?
17
Let v = -6 - -9. What is the highest common divisor of v and 33?
3
Let a = 3 - 3. Suppose 0 = 5*c - a - 5. Let h = 1 - 0. What is the greatest common factor of h and c?
1
Let u = -16 + 32. Calculate the greatest common factor of u and 32.
16
Let p(l) = 3*l**3 - 4*l**2 + l - 3. Let n be p(3). What is the greatest common divisor of n and 15?
15
Let o(x) = -24*x. Let l = -11 + 8. Let q be o(l). What is the greatest common factor of 9 and q?
9
Let z(w) = -w + 3. Let m be z(3). Suppose m = 4*k + d - 217, -5*d + 75 = -5*k + 340. Let i = k + -18. Calculate the highest common divisor of i and 12.
12
Suppose -c - 2*c + 165 = 4*j, -5*j + 220 = c. Calculate the highest common divisor of 9 and j.
9
Let z = 24 - 8. Calculate the greatest common divisor of z and 16.
16
Suppose 4*x = -0*x - 8. Let j be x + 2 - (-21)/7. What is the highest common divisor of j and 24?
3
Let t(a) = a**3 - 14*a**2 + 28*a - 16. Let l be t(12). Calculate the highest common factor of l and 288.
32
Suppose -m - 5 = -2. Let v be -3*((2 - 0) + m). Suppose v*b = 2*b + 48. What is the highest common factor of b and 12?
12
Suppose -2*x + x + 15 = 4*l, 0 = 5*l - 15. What is the greatest common divisor of 24 and x?
3
Let l be (-38)/6 - (-2)/6. Suppose 4*g + 9 = 5*g. Let p = l + g. What is the highest common divisor of p and 6?
3
Let p be (-3)/(-6) + 14/4. Suppose 0 = 4*i + 5*q - 12 - 22, -2*i = -4*q - p. What is the greatest common divisor of i and 4?
2
Let a(q) = q**3 + 16*q**2 + 15*q + 7. Let s be a(-15). Let z = s - -15. Let r = -5 + 7. Calculate the greatest common divisor of z and r.
2
Let g = 53 + -38. Calculate the highest common factor of g and 10.
5
Suppose -4*s + 5*m + 1 + 0 = 0, 0 = -4*s + 3*m + 7. Suppose -2*z + 14 = s. Calculate the highest common divisor of 5 and z.
5
Suppose 5*w - 62 = -2*c, 14 - 73 = -5*w + c. Calculate the highest common factor of w and 16.
4
Let c = -95 - -111. What is the highest common factor of 64 and c?
16
Let q(m) = -5*m - 9. Let f be q(-5). What is the highest common factor of f and 16?
16
Suppose 4*o - 2 = -6. Let v be -1 + o/((-2)/14). Let m be (33/v - -1)*2. What is the greatest common divisor of 13 and m?
13
Let j(y) = -112*y**2 - 1. Let o be j(-1). Let n = o - -353. Suppose 3*b = -0*b + n. What is the highest common divisor of 16 and b?
16
Let a = -1 - -8. Let l = 13 + a. Calculate the highest common divisor of 30 and l.
10
Let d be 9/3*(-4)/6. Let h be 6/d + 6 + 9. What is the highest common factor of h and 8?
4
Let n = -8 - -13. Calculate the highest common divisor of 35 and n.
5
Let g = -67 - -127. Let v(n) = 7*n + 2. Let j be v(-4). Let i = -14 - j. Calculate the highest common divisor of g and i.
12
Let f = 32 + -22. Let j be 3/(-6) + 181/2. Calculate the greatest common factor of f and j.
10
Let t be (-4)/(-12) - 10/(-6). Suppose -7*k + 50 = -t*k. Let m = 14 - k. What is the greatest common factor of 12 and m?
4
Let j = 1 - -1. Let h be (j - 1)*(-1 + 1). Suppose h = 5*q - 5 - 5. What is the highest common factor of 5 and q?
1
Suppose 1 = 3*i + 2*f - 0*f, 3*i = 2*f + 17. Let y be i - 12/2 - -8. Let z = y - -5. What is the highest common divisor of z and 30?
10
Suppose -4*g = -0*g - 20. Suppose 4*n + 91 = g*n. Calculate the greatest common divisor of 13 and n.
13
Let b = -12 + 26. What is the highest common factor of 28 and b?
14
Suppose -4*y + 84 - 12 = 0. Let u = 208 - 82. What is the highest common divisor of u and y?
18
Let b be 1/(-2) + (-115)/(-10). What is the greatest common factor of b and 88?
11
Suppose l = b + 3*l - 17, -3*b - l = -51. Calculate the highest common factor of b and 153.
17
Suppose 0 = 4*w + 18 + 2. Let n(a) = -2*a - 3. Let f be n(w). Suppose 0*l + 105 = 3*l. Calculate the highest common factor of l and f.
7
Suppose 3*u = 2 + 7. Suppose -5*q = 4*h - 25, -2*h - 2*q = -u*q - 9. What is the greatest common divisor of h and 1?
1
Let s(o) = -o**2 + 19*o + 4. Let c be s(17). Let f be (-4)/(-2)*1/(-2). Let p be (f - (1 - 57)) + 2. What is the greatest common divisor of p and c?
19
Let z(v) = 9*v**3 - 3*v**2 + v - 2. Let u be z(2). Let o = -19 - -31. Calculate the greatest common factor of o and u.
12
Let a(q) = q**3 - 5*q**2 + 2*q - 5. Let v be a(5). Suppose 0 = v*y - 6 - 4. What is the greatest common divisor of 5 and y?
1
Suppose -2*h + 32 = 3*t - 0*h, 14 = t - h. What is the greatest common divisor of 108 and t?
12
Let v = -27 - -32. Calculate the highest common divisor of 55 and v.
5
Let f = 30 + -78. Let m = f + 71. What is the greatest common factor of m and 46?
23
Let n(k) = k**3 + 8*k**2 + 4*k - 1. Let z be n(-7). What is the highest common factor of 180 and z?
20
Let v = -90 - -128. What is the highest common divisor of 19 and v?
19
Let i be (-2)/(-11) + 2/(22/207). What is the highest common factor of 323 and i?
19
Let u(p) = -2*p**3 + 2*p**3 - 1 + 3*p**2 - p**3 + 3*p. Let a be u(-4). What is the highest common factor of 11 and a?
11
Let v be (-10154)/(-14) + 4/(-14). Suppose 4*g + g + 5*u - v = 0, -g - 3*u = -135. Suppose -b = -4*b + g. Calculate the highest common divisor of 10 and b.
10
Let o(f) = -f - 3. Let j be o(-3). Let x(c) = -c + 8. Let w be x(j). Suppose -3*s + w = -64. Calculate the greatest common divisor of s and 3.
3
Let x(z) = -z**3 + 5*z**2 + 5. Let a be x(5). Let c = 152 - 142. What is the greatest common factor of c and a?
5
Let k be (-2)/(2/10*-2). Suppose 3*g = -0*y + y, -4*g = 2*y. Suppose g*h + 15 = k*h. What is the highest common divisor of h and 2?
1
Suppose -3*r + 2*r + 4 = 0. Let m be (-2)/r*-2 + 15. Let k(s) = s**2 - 2*s. Let v be k(6). What is the greatest common divisor of m and v?
8
Let d be (-22)/5*25/(-2). What is the greatest common divisor of d and 11?
11
Let g(k) = -k**3 - k**2 + 21. Let r(a) = a**3 + 8*a**2 - 9*a. Let z be r(-9). Let t be g(z). Calculate the greatest common factor of t and 3.
3
Let p be ((-6)/(-4))/((-3)/12). Let i = p - -10. Suppose 3*f = -x + 390 - 44, -137 = -f + i*x. Calculate the greatest common factor of f and 13.
13
Let m = 56 + -44. Calculate the highest common divisor of 12 and m.
12
Suppose 3*f + 2*x - 14 + 329 = 0, 0 = x. Let b = f - -185. Calculate the highest common factor of b and 10.
10
Suppose -4*f = -2*f. Suppose -4*z + 3*z = f. Suppose z = -q + 5*q - 288. Calculate the greatest common factor of q and 9.
9
Let z(r) = -r**2 - 27*r + 9. Let i be z(-26). What is the highest common divisor of 5 and i?
5
Let s(x) = 2*x - 12. Let g be s(9). Suppose -g*f + 39 = -3*f. What is the greatest common divisor of f and 117?
13
Let i be (-1 - (-3 + 2))*-1. Suppose q - 11 - 1 = i. What is the highest common divisor of q and 84?
12
Let v = 111 + -7. Suppose -q + 2*q + 3*s - 14 = 0, -3*q + 66 = 3*s. What is the highest common divisor of q and v?
26
Let x = 0 - -4. Suppose b = x*b - 48. Suppose 0*o + 12 = 2*w + 2*o, 0 = 3*w - 2*o - 28. What is the greatest common divisor of w and b?
8
Let n be (2 - 0)*(-2)/4. Let s be n*((0 - 6) + 1). Suppose -s*j + 2*z + 199 = 0, 2*j = j - 2*z + 35. What is the highest common factor of j and 26?
13
Let c be (-3)/4*(-32)/8. What is the highest common divisor of c and 18?
3
Suppose -3*c = b - 1, -b + 4*b + 4*c = 18. Calculate the greatest common factor of b and 10.
10
Let d = 82 + 14. Let q = d - 63. What is the highest common divisor of 3 and q?
3
Let w(h) = h**3 + 9*h**2 - 3*h - 7. Let v be w(-9). What is the highest common divisor of v and 30?
10
Let m be (-1)/(2/(-14) + 0). Let y = 10 - m. Suppose -z + y*z = 22. What is the highest common factor of 99 and z?
11
Let h be -5 + 8 - 1*-37. Let u = h - 4. Calculate the greatest common factor of 90 and u.
18
Let m = 57 - 41. Calculate the greatest common divisor of 176 and m.
16
Let g = 95 + -84. What is the highest common divisor of 77 and g?
11
Let q(z) = z**3 - 14*z**2 + 16*z + 9. Let n be q(13). What is the highest common divisor of 6 and n?
6
Let w(q) = q**3 - 11*q**2 - 14*q + 26. Let l be w(12). Cal